4*w + 6. Calculate i(-5).
11
Let s(p) = p - 1. Give s(-6).
-7
Let q(m) = -m**3 + 20*m**2 - 37*m + 15. What is q(18)?
-3
Let d(n) = -11*n**2 + 5*n - 1. Determine d(1).
-7
Let l(b) = b**2 + 8*b + 5. Give l(-8).
5
Let u(b) = -b + 14. Determine u(-14).
28
Let t(m) = m**3 - 18*m**2 - m + 25. Determine t(18).
7
Let q(y) = 10*y**2 + y. Calculate q(1).
11
Let x(p) = p**2 + 15*p + 8. Determine x(-11).
-36
Let q(l) = -37*l + 5. What is q(-2)?
79
Let f(t) = 11*t + 4. Determine f(-4).
-40
Let h(w) = -2*w**2 - 24*w + 106. Determine h(-16).
-22
Let x(h) = -h**3 + 6*h**2 + h - 14. What is x(6)?
-8
Let f(n) = 2*n**2 - 33*n + 32. Calculate f(15).
-13
Let c(a) = -16*a + 105. Determine c(7).
-7
Let w(j) = -24*j + 3. Calculate w(1).
-21
Let d(o) = -o + 33. Determine d(-13).
46
Let o(n) = n**3 + n**2 - 8*n + 139. Determine o(0).
139
Let j(f) = f**3 + 3*f**2 - 5*f - 12. Give j(-3).
3
Let z(g) = -g**3 + 9*g**2 - 16*g - 7. What is z(5)?
13
Let a(h) = 33*h. Determine a(-1).
-33
Let k(s) = -s**3 - 21*s**2 - 39*s - 25. Calculate k(-19).
-6
Let l(s) = -5*s**2 - 2*s + 2. Determine l(-3).
-37
Let a(v) = -v**2 + v + 13. What is a(3)?
7
Let x(z) = z**2 - z - 7. Give x(-4).
13
Let p(k) = -58*k**3 - k + 1. Give p(1).
-58
Let m(w) = w**3 + 14*w**2 - 14*w + 8. Determine m(-15).
-7
Let x(f) = -3*f**3 + 3*f**2 + 3*f. Determine x(-2).
30
Let s(d) = d**2 + 5*d - 16. Determine s(-7).
-2
Let a(x) = 7*x + 7. What is a(-5)?
-28
Let j(d) = d**3 + 8*d**2 + 4*d - 9. Determine j(-7).
12
Let n(q) = 2*q + 23. Determine n(-12).
-1
Let i(x) = x**3 + 14*x**2 + 14*x + 21. Give i(-13).
8
Let k(l) = 16*l**3 + 2*l**2 + l - 2. What is k(1)?
17
Let y(v) = v**3 + v - 5. Determine y(0).
-5
Let v(w) = -13*w**2 - w + 1. Give v(1).
-13
Let k(d) = -11*d**2 + d. Determine k(1).
-10
Let b(o) = -o**3 - 20*o**2 + 23*o + 29. What is b(-21)?
-13
Let a(h) = -h**3 + 5*h**2 + 6*h + 4. What is a(6)?
4
Let i(d) = d**3 - 2*d**2 - 3*d - 3. Determine i(3).
-3
Let t(d) = d**3 - 25*d**2 + 47*d - 23. What is t(23)?
0
Let g(z) = z**3 + 2*z**2 + 3*z - 9. What is g(-4)?
-53
Let u(a) = 6*a - 78. Calculate u(14).
6
Let p(z) = -z**3 - 14*z**2 - 49*z - 8. Determine p(-5).
12
Let p(h) = -2*h**2 + 14*h + 1. Determine p(11).
-87
Let r(x) = 5*x - 10. Determine r(4).
10
Let u(g) = -8*g + 4. Determine u(-2).
20
Let n(j) = -4*j + 40. Determine n(10).
0
Let a(t) = 9*t - 39. Give a(4).
-3
Let p(h) = -h**2 - h - 8. Give p(0).
-8
Let i(p) = -8*p - 13. What is i(-4)?
19
Let p(w) = -w**3 - 2*w**2 - 2. What is p(-2)?
-2
Let j(t) = -t**3 - t**2 + 9*t + 6. Calculate j(-3).
-3
Let x(f) = 42*f + 9. Give x(-1).
-33
Let o(n) = n**3 - n**2 - 2*n + 1. What is o(4)?
41
Let b(k) = 13*k**3 - 2*k**2 - 2*k. Determine b(-1).
-13
Let m(a) = 3*a**2 - 5*a + 9. Give m(5).
59
Let j(a) = a - 19. What is j(13)?
-6
Let r(u) = u + 37. What is r(-13)?
24
Let s(m) = m**3 - 7*m**2 - 8*m + 26. Calculate s(8).
26
Let a(t) = t**3 - t**2 - 3*t - 5. What is a(4)?
31
Let p(t) = -t**2 + 4*t + 3. Give p(8).
-29
Let l(p) = -9*p - 25. Give l(-4).
11
Let d(g) = g**3 - 4*g + 3. What is d(2)?
3
Let v(l) = l**3 - 2*l**2 - 3*l - 1. Determine v(-2).
-11
Let k(p) = p**3 + 3*p**2 - p + 7. Determine k(0).
7
Let l(h) = 20*h + 4. Determine l(0).
4
Let s(a) = -a**3 + a - 1. Determine s(-2).
5
Let l(u) = 3*u**2 + 27*u - 20. Determine l(-11).
46
Let z(j) = -j**3 + 3*j**2 + 2*j + 1. Give z(3).
7
Let t(k) = -2*k - 4. Calculate t(-1).
-2
Let v(i) = i**2 + 104*i - 540. What is v(5)?
5
Let d(i) = 2*i**3 + 98*i**2 + 95*i - 49. Determine d(-48).
-1
Let a(q) = q**3 - 8*q**2 - 8*q + 6. Give a(9).
15
Let a(z) = z**3 + 21*z**2 + 38*z + 12. Give a(-19).
12
Let o(d) = 19*d**3. Give o(1).
19
Let p(b) = b**3 + 22*b**2 + 19*b - 31. Give p(-21).
11
Let u(i) = i**3 + 7*i**2 + 13*i + 17. Calculate u(-3).
14
Let i(m) = -23*m**2 - m. Determine i(1).
-24
Let f(s) = -s**3 + 3*s**2 + 2*s - 2. Give f(4).
-10
Let b(l) = 2*l**2 - 11*l - 8. Give b(5).
-13
Let t(j) = 18*j - 175. Determine t(10).
5
Let w(j) = -2*j - 20. Determine w(17).
-54
Let k(t) = t**2 - 7*t + 19. What is k(4)?
7
Let w(p) = -2*p**3 + 12*p**2 + 10*p - 11. What is w(6)?
49
Let x(i) = -4*i + 18. Give x(3).
6
Let l(v) = 2*v**3 + 74*v**2 + 71*v - 53. Give l(-36).
-17
Let h(l) = l + 45. Determine h(-24).
21
Let s(h) = 3*h + 11. Give s(-11).
-22
Let v(i) = 2*i - 14. Calculate v(10).
6
Let b(x) = -3*x**2 - 25*x - 4. Calculate b(-9).
-22
Let x(l) = -l**3 - 4*l**2 - 7*l - 8. Calculate x(-3).
4
Let k(t) = t**3 - 11*t**2 + 6*t + 33. Give k(10).
-7
Let y(l) = -l**3 - 6*l**2 + 9*l - 51. What is y(-8)?
5
Let l(q) = q**3 - 2*q**2 - 2*q + 3. What is l(4)?
27
Let h(y) = 2*y**2 - y + 16. Give h(-5).
71
Let p(l) = 5*l**2 + l + 1. What is p(5)?
131
Let o(v) = 14*v + 3. Calculate o(4).
59
Let z(l) = -l**3 + 7*l**2 + 10*l - 19. Determine z(8).
-3
Let v(d) = -5*d**3 + d + 1. What is v(1)?
-3
Let b(d) = d**3 + 8*d**2 + 5*d + 10. Calculate b(-8).
-30
Let p(s) = -107*s + 1289. Calculate p(12).
5
Let f(r) = -r**3 - 5*r**2 - 10*r - 19. What is f(-7)?
149
Let j(k) = -k**3 + 4*k + 2. Give j(4).
-46
Let n(z) = -4*z**2 - 2*z + 7. What is n(2)?
-13
Let p(w) = -19*w - 4. What is p(-3)?
53
Let k(x) = 4*x + 25. Give k(-17).
-43
Let v(z) = -91*z - 1178. What is v(-13)?
5
Let n(o) = o**3 + 6*o**2 + 4. Calculate n(-6).
4
Let z(l) = l - 3. Give z(6).
3
Let t(r) = r**2 + 10*r - 21. What is t(-11)?
-10
Let k(c) = -4*c + 12. Calculate k(2).
4
Let d(h) = -2*h**2 - 6*h + 11. Give d(-5).
-9
Let t(j) = -j**3 - 12*j**2 + 4*j - 19. Calculate t(-13).
98
Let f(x) = x + 5. What is f(-1)?
4
Let c(r) = -19*r + 1. Give c(1).
-18
Let y(w) = -14*w**3 + 2*w**2 + 2*w + 3. Determine y(-2).
119
Let s(v) = 2*v**2 - 2*v - 6. What is s(4)?
18
Let c(z) = 27*z + 186. Determine c(-7).
-3
Let q(c) = -14*c + 211. Calculate q(15).
1
Let p(x) = -x**3 + 9*x**2 - 24*x + 103. Give p(8).
-25
Let b(s) = -s**3 + 7*s**2 - 6*s + 8. What is b(6)?
8
Let u(y) = -y**3 + 16*y**2 - 8*y - 34. What is u(15)?
71
Let h(d) = -d**3 + 9*d**2 - 4*d + 27. Calculate h(9).
-9
Let x(y) = y**2 + 15*y + 26. Give x(-11).
-18
Let a(y) = -5*y - 72. Calculate a(-26).
58
Let k(p) = 5*p + 59. What is k(-5)?
34
Let r(k) = -k**3 + 63*k**2 - 64*k + 119. Give r(62).
-5
Let x(z) = z**2 + 18*z + 9. Give x(-15).
-36
Let z(r) = -r**3 - 11*r**2 + 7*r. Calculate z(-12).
60
Let s(w) = -10*w**3 - w**2. What is s(-1)?
9
Let t(m) = m**2 - 18*m - 10. Give t(13).
-75
Let l(j) = -j**3 + 5*j**2 + 4*j - 10. Determine l(4).
22
Let b(d) = -d**3 + 11*d**2 + 2*d + 2. Calculate b(11).
24
Let p(d) = 5*d + 17. Calculate p(-7).
-18
Let u(r) = -205*r + 1. Give u(0).
1
Let b(s) = -36*s - 65. Give b(-2).
7
Let c(m) = -9*m + 47. Give c(11).
-52
Let h(j) = j**2 + 5*j + 4. What is h(-4)?
0
Let m(c) = -15*c + 5. Give m(-1).
20
Let k(d) = d**2 + 3*d + 4. Determine k(4).
32
Let i(p) = -5*p + 11. What is i(-4)?
31
Let m(h) = -2*h + 31. What is m(12)?
7
Let r(j) = -5*j**2 - 13*j - 8. Give r(-3).
-14
Let z(f) = 6*f - 9. What is z(-11)?
-75
Let j(p) = -p**2 + 12*p + 17. Determine j(13).
4
Let r(f) = 6*f - 33. What is r(6)?
3
Let m(v) = v**3 + 6*v**2 - 7*v - 3. What is m(-7)?
-3
Let x(k) = -k**2 + 20*k + 122. Determine x(25).
-3
Let v(w) = w**3 + 8*w**2 + 3*w. What is v(-7)?
28
Let s(x) = -x**3 - 7*x**2 - 4*x + 9. Give s(-6).
-3
Let k(l) = -2*l**3 - 33*l**2 - 23*l - 1. What is k(-16)?
111
Let v(n) = -4*n - 31. Determine v(-8).
1
Let p(z) = 14*z - 75. What is p(6)?
9
Let b(i) = -i**3 - 24*i**2 - 20*i + 64. Give b(-23).
-5
Let u(p) = -10*p**3 + p**2. What is u(1)?
-9
Let q(i) = -2*i**3 + 1. What is q(-2)?
17
Let z(b) = b**2 - 13*b + 17. What is z(2)?
-5
Let i(q) = 10*q + 6. Determine i(-1).
-4
Let j(g) = -g**2 - g - 17. Give j(-6).
-47
Let c(u) = u**3 + 8*u**2 - 11*u - 15. Determine c(-9).
3
Let j(p) = p**2 + 4*p + 7. Calculate j(-11).
84
Let b(f) = f**3 - 3*f**2 - 3*f + 3. Give b(2).
-7
Let o(j) = j - 2. Give o(-7).
-9
Let z(b) = -b**2 + 16*b - 51. Give z(6).
9
Let a(z) = -z**2 + 2*z + 2. Determine a(3).
-1
Let v(j) = j**2 - 14*j + 9. Give v(13).
-4
Let i(p) = -2*p**2 + 4*p + 4. What is i(-4)?
-44
Let b(j) = -j**3 + 5*j**2 + 2*j + 4. Calculate b(5).
14
Let h(y) = 2*y**2 - 32*y + 1. Calculate h(16).
1
Let u(a) = -a**3 - 4*a**2 + 15*a - 31. Determine u(-7).
11
Let r(k) = 2*k**2 + 11*k + 10. Determine r(-5).
5
Let o(m) = -m**3 - 5*m**2 + 2*m - 5. Give o(-4).
-29
Let z(y) = 6*y**3 + y**2 + y. Giv